
In base 3, what is -10 + 220101001?
220100221
In base 11, what is 162 + -118?
45
In base 2, what is 101 - 110011010011?
-110011001110
In base 5, what is -3 + -214303?
-214311
In base 11, what is 0 + -514?
-514
In base 5, what is -13 + -143034?
-143102
In base 5, what is -101413320 - 3?
-101413323
In base 4, what is -102330 - 11013?
-120003
In base 15, what is 31 - 34?
-3
In base 12, what is -306 + a6?
-220
In base 5, what is 43 + 33403?
34001
In base 6, what is 15 + -10204325?
-10204310
In base 15, what is -3a9727 + -1?
-3a9728
In base 11, what is -408 - 298?
-6a5
In base 11, what is 4 - 2865a5?
-2865a1
In base 6, what is -12234 + 13?
-12221
In base 14, what is 8 + -33a1?
-3397
In base 12, what is -1918b - -1?
-1918a
In base 5, what is -3 + -41441244?
-41441302
In base 6, what is -12 - -24320?
24304
In base 12, what is 260b61 + -4?
260b59
In base 13, what is -64c - 4?
-653
In base 4, what is 10000 + 1310331?
1320331
In base 13, what is -108 - a24?
-b2c
In base 10, what is -113 - -5828?
5715
In base 6, what is 2214 - 5145?
-2531
In base 14, what is 8 - -d6254?
d625c
In base 16, what is -5 + 62e2c?
62e27
In base 14, what is -3 + -2dd8?
-2ddb
In base 4, what is -2 + -133311?
-133313
In base 11, what is 0 - -7602?
7602
In base 15, what is 17 + c58?
c70
In base 5, what is -2441 + 204?
-2232
In base 15, what is 16 - b591?
-b57a
In base 3, what is 102111100120200 + -2?
102111100120121
In base 10, what is 37 + 1309?
1346
In base 7, what is 100 + -14431?
-14331
In base 2, what is -11001010110 - 1010?
-11001100000
In base 2, what is -10 - -11001100100?
11001100010
In base 4, what is 11 + 1133132110?
1133132121
In base 11, what is -46 - 137?
-182
In base 2, what is -10 + 111100110110110110?
111100110110110100
In base 15, what is -162 + -83?
-1e5
In base 9, what is -157545 + 2?
-157543
In base 3, what is -2000120 + -2122000?
-11122120
In base 8, what is -5 + 104715?
104710
In base 15, what is 25d + -ca6?
-a48
In base 12, what is -22 + -a7a?
-aa0
In base 11, what is 3 - -21003?
21006
In base 7, what is 2145161 - -1?
2145162
In base 3, what is -101 + 110221122110?
110221122002
In base 11, what is 17 + -155aa3?
-155a87
In base 11, what is 9 - 47759?
-47750
In base 15, what is 59b7a - 0?
59b7a
In base 10, what is -104 + -1312?
-1416
In base 13, what is 177 + -351?
-1a7
In base 3, what is 1012001002 + -2110?
1011221122
In base 6, what is 2014 + -140?
1434
In base 3, what is 101 - -11221012210?
11221020011
In base 16, what is -35 + 5ec?
5b7
In base 11, what is 128 + -28?
100
In base 4, what is 30231210 + 30?
30231300
In base 9, what is 4722812 + -5?
4722806
In base 16, what is -1070 + -1c?
-108c
In base 3, what is 1022200 + 101?
1100001
In base 11, what is 29067 + 41?
290a8
In base 6, what is -10242 - 14?
-10300
In base 2, what is -101 + -111111001110100001?
-111111001110100110
In base 4, what is 0 - 1232010120?
-1232010120
In base 13, what is -48 + 45?
-3
In base 11, what is -103697 - -2?
-103695
In base 5, what is 1033003214 - -10?
1033003224
In base 11, what is -16514 - -71?
-16453
In base 8, what is -2102 + 140?
-1742
In base 9, what is -32160 + 28?
-32131
In base 8, what is 14 - 3442?
-3426
In base 15, what is -1 - -889?
888
In base 11, what is -2172 - 55?
-2217
In base 12, what is 0 + 382b7?
382b7
In base 9, what is 14183 + -214?
13868
In base 14, what is 5a - 16?
44
In base 14, what is -5 + 202cc?
202c7
In base 9, what is 43 - -33468?
33522
In base 13, what is -8 - -20723?
20718
In base 13, what is -1 + 1439?
1438
In base 10, what is 7582 + 0?
7582
In base 11, what is -23 + -153a1?
-15414
In base 12, what is 3b1 - -98?
489
In base 8, what is -10024 - 5?
-10031
In base 12, what is -b53 - 25?
-b78
In base 5, what is -20431214 + 14?
-20431200
In base 11, what is -1 - -4a68?
4a67
In base 2, what is -10111001 + 10101010011?
10010011010
In base 11, what is -95 + 3210?
3126
In base 13, what is -11 - -b6186?
b6175
In base 12, what is 0 - -8b20b?
8b20b
In base 5, what is -202101 + 0?
-202101
In base 15, what is -14285 + -1?
-14286
In base 4, what is 12203000000 + 0?
12203000000
In base 4, what is -11213103030 - -10?
-11213103020
In base 3, what is -1122 - 22102221?
-22111120
In base 4, what is -1321130 - 32?
-1321222
In base 9, what is 1004 - -673?
1677
In base 8, what is -364 + 3072?
2506
In base 15, what is 9a3 + -7?
99b
In base 3, what is 1200210 + 1122?
1202102
In base 15, what is -dddd - 1?
-ddde
In base 11, what is -1a49 - 350?
-2299
In base 8, what is -2 - -17355?
17353
In base 2, what is 1101 - -100010101011111001?
100010101100000110
In base 15, what is 0 + 3bba?
3bba
In base 16, what is 8 + -47?
-3f
In base 16, what is -e352e + 5?
-e3529
In base 12, what is 774 + -678?
b8
In base 13, what is -160 - 14700?
-14860
In base 11, what is -9 + -25654?
-25662
In base 6, what is 12 + -3514254?
-3514242
In base 3, what is -11 + -112002110011?
-112002110022
In base 15, what is -1 - -439c?
439b
In base 7, what is 1235 + 5312?
6550
In base 11, what is -5 - -a2508?
a2503
In base 12, what is 36 - -2b99a?
2ba14
In base 11, what is 4a1 - 320a?
-2819
In base 16, what is -1401 + 4?
-13fd
In base 11, what is 2 - 2625?
-2623
In base 9, what is 184722 + -3?
184718
In base 14, what is -3b2 + 63?
-34d
In base 13, what is 3 + 101c1c?
101c22
In base 3, what is -101000011 - -220?
-100222021
In base 13, what is 355b - -4?
3562
In base 3, what is -22212 - -2002222?
1210010
In base 14, what is 37a5 + -3?
37a2
In base 15, what is -165c - -7?
-1655
In base 15, what is -20 + 5b1?
591
In base 5, what is 133 - -1433033?
1433221
In base 6, what is -12120 - -40?
-12040
In base 12, what is -246a - 118?
-2586
In base 12, what is -194 - 24?
-1b8
In base 3, what is -2112022 + -101010?
-2220102
In base 9, what is -4777 - 126?
-5014
In base 3, what is -22222 - -11122210?
11022211
In base 14, what is -19 + 12d?
114
In base 2, what is 1101100010 + -1001?
1101011001
In base 5, what is -10 + -41322?
-41332
In base 7, what is 0 + 52656?
52656
In base 16, what is -1c - fcd5?
-fcf1
In base 3, what is 1 + 1011111000120?
1011111000121
In base 7, what is -13102 + 31?
-13041
In base 11, what is -5a6 - 79?
-674
In base 9, what is 2 + 678616?
678618
In base 16, what is -40 - 18db?
-191b
In base 5, what is -2 + 1202430?
1202423
In base 5, what is 32313 + -214?
32044
In base 11, what is 5 - 50179?
-50174
In base 7, what is 4 - 141050?
-141043
In base 15, what is 1 + -111e?
-111d
In base 2, what is 101 + 10011111101101101?
10011111101110010
In base 9, what is 4 - -575364?
575368
In base 13, what is -8 - 3b61?
-3b69
In base 11, what is 651 + 68?
709
In base 7, what is 24344346 - 4?
24344342
In base 12, what is 380 - -38?
3b8
In base 13, what is -486 + -41a?
-8a3
In base 16, what is 13 - -f3f?
f52
In base 13, what is 54 - 52?
2
In base 3, what is 1022210 + 22?
1100002
In base 6, what is 452043 - -4?
452051
In base 2, what is 1100000100010000 + 1?
1100000100010001
In base 4, what is -12 - 21000202?
-21000220
In base 7, what is -25203 + -3?
-25206
In base 3, what is -222110221 - 0?
-222110221
In base 12, what is 3 - 8898?
-8895
In base 9, what is 56 - -267?
334
In base 7, what is -1206 - 55?
-1264
In base 2, what is -100 - -1100111110110010000?
1100111110110001100
In base 8, what is 23 + 35216?
35241
In base 10, what is -22676 + -5?
-22681
In base 2, what is -10101000 + 110101111101?
110011010101
In base 7, what is 41 - -16016?
16060
In base 11, what is 53807 + 4?
53810
In base 9, what is 1205 + -17?
1177
In base 12, what is 0 + -258a2?
-258a2
In base 13, what is -57 + 675?
61b
In base 7, what is 1133162 + 13?
1133205
In base 4, what is -2132211 - -131?
-2132020
In base 12, what is 11 - -7b83?
7b94
In base 12, what is 11867 - -3?
1186a
In base 14, what is 30a23 - 2d?
309d4
In base 14, what is -4468 - 21?
-4489
In base 12, what is a2359 + 5?
a2362
In base 9, what is -5730 - 5?
-5735
In base 13, what is 1a2c1 + 1?
1a2c2
In base 12, what is -12a8 + -a8?
-1394
In base 3, what is -2 + -210001220202?
-210001220211
In base 9, what is 32664 - -4?
32668
In base 16, what is 133 - b2?
81
In base 4, what is 1 - 11002101?
-11002100
In base 14, what is 4 - cd1b5?
-cd1b1
In base 8, what is -4 - 64675?
-64701
In base 9, what is 8 - -6625?
6634
In base 7, what is -2 + 355465?
355463
In base 8, what is -1343 - 24?
-1367
In base